What are the prime factors of w?
13
Suppose 8*d - 3*d = 15. Suppose 2*x + 3*m - 11 = 0, d = -5*m - 22. List the prime factors of x.
13
Let x(b) = b + 13. Let v be x(-9). Let g = 1 + v. Suppose 0 = g*h + 1 - 31. List the prime factors of h.
2, 3
Let b be (-1)/2 - 1/(-2). Suppose -4*d - 32 = -4*w, -3*d - 10 = w + 2. Suppose -w*j + 4*j - 6 = b. What are the prime factors of j?
2, 3
Let x = -24 - -37. List the prime factors of x.
13
Suppose -5*w + 3 + 192 = 0. List the prime factors of w.
3, 13
Let a(r) = 75*r**3 - 7*r**2 - 6*r + 10. Let v(q) = 25*q**3 - 2*q**2 - 2*q + 3. Let w(h) = -2*a(h) + 7*v(h). List the prime factors of w(1).
2, 3
List the prime factors of (-4)/(-6) + 1060/12 + -3.
2, 43
Suppose 4*l - 5 = -41. Let x(s) = -s - 11. Let n be x(l). List the prime factors of (1*-2)/n - -9.
2, 5
Let f(m) = m + 6. Let g(a) = -2*a - 12. Let c(h) = -7*f(h) - 4*g(h). What are the prime factors of c(0)?
2, 3
Let m = 102 - 12. What are the prime factors of m?
2, 3, 5
Let b = -3 - -10. Let a be 1 + -1 + b + -2. Suppose -29 - 21 = -a*w. What are the prime factors of w?
2, 5
Let a(i) = -i + 35. What are the prime factors of a(11)?
2, 3
Let l = -8 - -54. Let s = -11 + l. List the prime factors of s.
5, 7
Let m be (2 + -1 - 0) + 271. Suppose 4*i - m = 4*f, 2*f + 74 = f + 3*i. List the prime factors of (f/(-15))/((-2)/(-6)).
13
Let f(g) = g - 8. Let c(s) = -3*s + 23. Let u(x) = 3*c(x) + 8*f(x). Let a be u(7). Let v(o) = -3*o + 1. List the prime factors of v(a).
7
Let d(w) be the second derivative of w**4/12 + 2*w**3/3 - 2*w**2 + 2*w. Let z be d(-6). Let m(k) = k**3 - 7*k**2 - 8*k + 8. What are the prime factors of m(z)?
2
Let f = -6 - -4. Let o(s) be the third derivative of s**6/120 + s**5/20 + s**4/12 + s**3/3 + s**2. List the prime factors of o(f).
2
List the prime factors of -4 + 1 - (-34 - -3).
2, 7
Suppose p - 15 = -2*p. Let r(j) = -7 + j + p + 12. What are the prime factors of r(-8)?
2
Let k(j) = j**2 + 2*j + 3. Let f be k(-2). What are the prime factors of (-308)/(-12) - (-1)/f?
2, 13
What are the prime factors of 411/4 + (-3)/(-12)?
103
Suppose 2*z = -3*z + 90. Suppose 2*g - z = g. Suppose 0 = 6*j - 3*j - g. List the prime factors of j.
2, 3
Let t(j) be the first derivative of -j**2 - 8*j - 2. Let v be (-2 - 0/(-4)) + -6. List the prime factors of t(v).
2
Let n be (-4)/18 - (-220)/18. Suppose 4*h = -3*u - 14, 3*u - 5*h = 19 + n. Suppose -a = -2, 2*p - u*a = 1 + 17. What are the prime factors of p?
11
Suppose -n = 5*r - 22, -16 = -5*r + 3*r - 4*n. Let t be (1 - 0)*r/2. Suppose 3*s + 5*i - 58 = 0, 6*s - t*s - i = 39. List the prime factors of s.
11
Let o(i) = i**2 - 7*i - 3. Let h be o(8). Suppose h*l - 42 = -b, l - 18 = 3*b - 0. List the prime factors of l.
3
Let w be -1 - (-3 + (-4)/2). Suppose -17 = -w*n - 4*c + 27, c = -5*n + 67. What are the prime factors of n?
2, 7
Suppose -4*j + 616 = -432. List the prime factors of j.
2, 131
List the prime factors of (-3)/(2/36*-2).
3
Let c(k) = 2*k - 6. Suppose 0*j - j = -90. Let q be (-4)/14 - j/(-21). What are the prime factors of c(q)?
2
Let h be (-1 + 1)/(2 - 1). Suppose 1 = r, r + r - 17 = 3*i. List the prime factors of i*((-9)/5 - h).
3
Let n = 10 + -6. Suppose n - 2 = 2*q. What are the prime factors of (-3 + -1)*(-2 + q)?
2
Suppose -3*t = -4*z + 8, -2*t - 2*t = -2*z - 6. Suppose 2*g = t*g - 16. List the prime factors of g.
2
Let c be ((-40)/(-50))/(2/35). List the prime factors of 38/c + (-4)/(-14).
3
Let n be 6/9 + (-260)/3. List the prime factors of -5*(n/10 - -3).
2, 7
List the prime factors of 4*38 + (7 - (-8)/(-2)).
5, 31
Suppose 2*z + 4*s - 6 = -2, 5*z - 19 = -s. Let m = 0 + z. What are the prime factors of (-2)/1 - -5*m?
2, 3
Suppose -5*d + 75 = -5*a, -2*a + 4*a = -4*d + 78. Suppose 2*m = d - 4. List the prime factors of m.
7
Let k(l) = -2 - 3*l + 0*l**2 + l**2 + 0*l**2. Let f be k(3). Let m(s) = 3*s**2 + s + 1. List the prime factors of m(f).
11
Let a(d) = d**2 - 5*d - 5. Suppose -5 - 7 = 2*x. List the prime factors of a(x).
61
Let y be (-108)/(-2) + 2 + 1. Let q = y + -25. Let o = -21 + q. What are the prime factors of o?
11
Let z(d) = d. Let m(w) = -w**3 + 4*w**2 - 4*w - 1. Let h be m(3). Let l be z(h). Let k(o) = o**3 + 6*o**2 + 6*o + 4. List the prime factors of k(l).
2, 3
Suppose -a = 4*a - 175. What are the prime factors of a?
5, 7
Suppose -16*v + 1447 + 4201 = 0. List the prime factors of v.
353
Suppose -84 = -2*v - 8. List the prime factors of v.
2, 19
Let j(h) = h**2 + 2*h - 3. Let b be -5 - (-3)/(1 - -2). What are the prime factors of j(b)?
5
Suppose 4*s = 4*m + 17 + 15, 0 = s - 4*m - 17. Suppose -2*v - 3*j - s + 3 = 0, 16 = 4*v + j. Suppose 0 = -5*h + 4*h + v. What are the prime factors of h?
5
Let m be (-74)/14 - 4/(-14). Suppose 5*a - 13 - 12 = 0. Let r = a - m. What are the prime factors of r?
2, 5
Let k = 156 - 31. List the prime factors of k.
5
Suppose -4*r = -0*r + 3*a - 17, 4*r - 18 = -2*a. Suppose 42 = r*t + 3*h - 151, -4*h + 25 = t. What are the prime factors of t?
41
Let b(u) = 6*u - 1. Let p be b(1). Suppose 4 + p = s. List the prime factors of 33*-3*(-2)/s.
2, 11
Let c be -1 + 2 - 1*-2. Suppose -3*f = -c - 27. List the prime factors of f.
2, 5
Suppose -24 = -x + 1. List the prime factors of x.
5
Let u = 41 + -23. List the prime factors of u.
2, 3
Let a(o) = o - 4. Let w(t) = -t - 2. Let c be w(-6). Let v be a(c). Suppose v = -2*i + 6 - 0. List the prime factors of i.
3
What are the prime factors of (-3)/((-3)/(-2)) + (-3 - -307)?
2, 151
Suppose 0 = -i - 0*i. Suppose -r - 3*r + 24 = i. What are the prime factors of ((-3)/2)/(r/(-32))?
2
Let h be 1 - (-5 + 2 + -1). Let r(d) = 5*d + 11. What are the prime factors of r(h)?
2, 3
Suppose n - 46 = 79. List the prime factors of n.
5
Let o be -1 - 92 - (10 - 9). Let r = o + 136. What are the prime factors of r?
2, 3, 7
Let y(a) = 4*a**2 + 5*a - 9. Let h(n) = 9*n**2 + 11*n - 19. Let o(g) = 6*h(g) - 13*y(g). Let r be o(4). Suppose b = 4*b - r. What are the prime factors of b?
13
Let b = -24 + 41. What are the prime factors of b?
17
Suppose 0*s - s - 13 = 4*p, 0 = -5*p + 3*s - 12. Let h = p + 7. Suppose -32 - 12 = -h*u. What are the prime factors of u?
11
Let p(a) = a**3 + 4*a**2 - 5*a + 2. Let s be p(-5). Suppose s*r - r - 9 = 0. List the prime factors of r.
3
Let n(o) = 2 - o**2 - o**3 - 22*o + 22*o. Let q be n(0). Suppose 3*l + q*l = 10. List the prime factors of l.
2
Let o = -77 - -130. List the prime factors of o.
53
Let g(a) = -a**3 - a**2 + a + 228. List the prime factors of g(0).
2, 3, 19
Suppose -2*z - 25 = 83. Let f = 76 + z. List the prime factors of f.
2, 11
Let r(k) = k + 26. Let d = -5 - 7. What are the prime factors of r(d)?
2, 7
Let f = -6 + 6. Suppose f = 3*t + 2*t - 40. List the prime factors of t.
2
Let k(f) = -85*f + 2. Let y be k(-1). Suppose 2*n = -n + y. List the prime factors of n.
29
Let i be (3 - 2)*(-2 + 7). Suppose -33 = 3*a - 5*d, i*a + 55 = d - 6*d. Let t(j) = -j**2 - 11*j + 16. What are the prime factors of t(a)?
2
Let f = 12 + 30. Let o be 2/(-4) + f/4. Let h = o + -7. What are the prime factors of h?
3
Let p = -5 - -12. Let t = -7 + p. Suppose 2*u - 14 = -3*j + 5, 4*j + 3*u - 26 = t. List the prime factors of j.
5
Suppose -4*g - 5*h + 45 = -20, 4*h + 10 = 3*g. Suppose 4*t + t = g. What are the prime factors of t?
2
Suppose 156 + 164 = 8*z. List the prime factors of z.
2, 5
Let l = 1 - -2. Suppose -4*n = l*m - 24, 6*n - 16 = 2*n - 5*m. List the prime factors of 101/n - (-6)/(-27).
11
Let z = 9 + -7. Let v = 4 - z. Suppose v*s + 22 = u + 1, 9 = u + s. What are the prime factors of u?
13
Let u = -5 - -10. Suppose -3*b + 1 = -z, -10 = -z - u*b + 5. What are the prime factors of z?
5
Suppose m = -5*j + 16, 4*m - 2*m = -5*j + 12. What are the prime factors of 6/j + 115/10?
13
Suppose 2*g + 21 = -5*l, -2*g = -5*l - 6 - 3. List the prime factors of (g/9)/((-4)/444).
37
Let r(x) = 7*x + 1. Let t be r(7). Suppose -2*k + t = 3*k. What are the prime factors of k?
2, 5
Suppose -5*z + 280 = -2*v, -3*z - v = 2*v - 168. What are the prime factors of z?
2, 7
Let h(v) = -v**2 - 11*v - 4. List the prime factors of h(-7).
2, 3
Let w(o) = 6 + 7*o - 3 + o**2 - 1 + o**2. What are the prime factors of w(-5)?
17
Suppose -5*i + 4*o = -596, 2*i = 8*o - 3*o + 235. List the prime factors of i.
2, 3, 5
Let p = -16 - -24. Suppos